{"id":2715,"date":"2023-03-20T15:55:29","date_gmt":"2023-03-20T14:55:29","guid":{"rendered":"http:\/\/fondation-abdelkrimbouallou.ma\/?page_id=2715"},"modified":"2023-12-10T10:46:25","modified_gmt":"2023-12-10T09:46:25","slug":"abdelkrim-bouallou","status":"publish","type":"page","link":"https:\/\/fondation-abdelkrimbouallou.ma\/index.php\/abdelkrim-bouallou\/","title":{"rendered":"Abdelkrim Bouallou"},"content":{"rendered":"<p><strong><em><img decoding=\"async\" loading=\"lazy\" class=\"wp-image-2748 alignleft\" src=\"http:\/\/fondation-abdelkrimbouallou.ma\/wp-content\/uploads\/2023\/03\/Mr-Abdelakrim-Bouallou-242x300.jpg\" alt=\"\" width=\"219\" height=\"271\" srcset=\"https:\/\/fondation-abdelkrimbouallou.ma\/wp-content\/uploads\/2023\/03\/Mr-Abdelakrim-Bouallou-242x300.jpg 242w, https:\/\/fondation-abdelkrimbouallou.ma\/wp-content\/uploads\/2023\/03\/Mr-Abdelakrim-Bouallou-266x330.jpg 266w, https:\/\/fondation-abdelkrimbouallou.ma\/wp-content\/uploads\/2023\/03\/Mr-Abdelakrim-Bouallou-145x180.jpg 145w, https:\/\/fondation-abdelkrimbouallou.ma\/wp-content\/uploads\/2023\/03\/Mr-Abdelakrim-Bouallou.jpg 488w\" sizes=\"(max-width: 219px) 100vw, 219px\" \/><\/em><\/strong><\/p>\n<p>&nbsp;<\/p>\n<p>&nbsp;<\/p>\n<p><strong><em>Abdelkrim Ben Mohamed Bouallou<\/em><\/strong>, est n\u00e9 \u00e0 Sal\u00e9 le 7 Chawal de l&rsquo;an 1323\/5 d\u00e9cembre 1905. Parmi les premiers \u00e0 \u00e9tudier la langue fran\u00e7aise dans sa ville natale Sal\u00e9, il fr\u00e9quente le lyc\u00e9e Moulay Youssouf de Rabat. Il f\u00fbt \u00e9galement parmi les premiers \u00e9tudiants de Sal\u00e9 \u00e0 acc\u00e9der au Baccalaur\u00e9at. Il faisait partie de la jeunesse moderne de la ville. Membre fondateur du Club Litt\u00e9raire Islamique de Sal\u00e9, il f\u00fbt son pr\u00e9sident.<\/p>\n<p>&nbsp;<\/p>\n<p>&nbsp;<\/p>\n<p>&nbsp;<\/p>\n<figure id=\"attachment_2789\" aria-describedby=\"caption-attachment-2789\" style=\"width: 594px\" class=\"wp-caption aligncenter\"><img decoding=\"async\" loading=\"lazy\" class=\" wp-image-2789\" src=\"http:\/\/fondation-abdelkrimbouallou.ma\/wp-content\/uploads\/2023\/03\/photo-abdlekrim-bouallou-300x187.jpg\" alt=\"(Abdelkrim Bouallou \u2013 debout \/ 3\u00e8me \u00e0 partir de la droite)\" width=\"594\" height=\"370\" srcset=\"https:\/\/fondation-abdelkrimbouallou.ma\/wp-content\/uploads\/2023\/03\/photo-abdlekrim-bouallou-300x187.jpg 300w, https:\/\/fondation-abdelkrimbouallou.ma\/wp-content\/uploads\/2023\/03\/photo-abdlekrim-bouallou-270x168.jpg 270w, https:\/\/fondation-abdelkrimbouallou.ma\/wp-content\/uploads\/2023\/03\/photo-abdlekrim-bouallou.jpg 456w\" sizes=\"(max-width: 594px) 100vw, 594px\" \/><figcaption id=\"caption-attachment-2789\" class=\"wp-caption-text\">(Membres du Club Litt\u00e9raire Islamique Slaoui &#8211; Abdelkrim Bouallou est debout, 3\u00e8me \u00e0 partir de la droite)<\/figcaption><\/figure>\n<p>Au d\u00e9but des ann\u00e9es trente, il a repr\u00e9sent\u00e9 le club en compagnie du pr\u00e9sident de l&rsquo;association pour la pr\u00e9servation du Saint Coran \u00e0 Sal\u00e9, Aboubakr El Kadiri, pour f\u00e9liciter le Roi Mohammed V \u00e0 l&rsquo;occasion d&rsquo;une des f\u00eates religieuses. Ils ont eu les gr\u00e2ces et les \u00e9loges du Roi.<\/p>\n<p>Les archives du magazine \u00ab Da\u00e2wat al-Haqq \u00bb(\u062f\u0639\u0648\u0629 \u0627\u0644\u062d\u0642) \u00a0des ann\u00e9es cinquante gardent encore certains d\u00e9tails de cette visite :<\/p>\n<p>\u00ab\u00a0Le jour de l&rsquo;A\u00efd al-Adha de l&rsquo;ann\u00e9e 1352 de l\u2019h\u00e9gire, il nous a \u00e9t\u00e9 sugg\u00e9r\u00e9 par un homme autoris\u00e9 au palais d&rsquo;amener les responsables de nos associations au palais le jour des v\u0153ux de la f\u00eate en l&rsquo;absence du pacha de la ville, qui \u00e0 son tour invite les notables \u00e0 l&rsquo;accompagner pour pr\u00e9senter les v\u0153ux. Il y a une condition dans ce cas, seules les personnes caract\u00e9ris\u00e9es par leur esprit patriotique sont invit\u00e9es.<br \/>\nL&rsquo;id\u00e9e se r\u00e9pandit et les jeunes de Sal\u00e9 s&#8217;empar\u00e8rent r\u00e9solument de la question. M. Aboubakr Kadiri a dirig\u00e9 en sa qualit\u00e9 de pr\u00e9sident de l\u2019association de pr\u00e9servation du Saint Coran dans la ville et M. AbdelKrim Bouallou, pr\u00e9sident du Club litt\u00e9raire Slaoui, au nom de la jeunesse de la ville de Sal\u00e9. La r\u00e9ception commen\u00e7a, et il \u00e9tait d&rsquo;usage que le pacha de la capitale et ses dignitaires se pr\u00e9sentent devant Sa Majest\u00e9 pour lui rendre hommage et respect.<br \/>\nLes dignitaires commenc\u00e8rent \u00e0 quitter le Roi lorsque celui-ci appela la jeunesse de Sal\u00e9 repr\u00e9sent\u00e9e par MM. Kadiri et Bouallou. Ils se h\u00e2t\u00e8rent de se pr\u00e9senter imm\u00e9diatement devant le Roi. Et ils avanc\u00e8rent jusqu&rsquo;aux mains de Sa Majest\u00e9. Ils rest\u00e8rent assis une minute.<br \/>\nEt M. Kadiri repr\u00e9sentant la ville de Sal\u00e9 s&rsquo;est lev\u00e9 pour prononcer ceci : \u00ab\u00a0J&rsquo;apporte \u00e0 Votre Majest\u00e9 les f\u00e9licitations et les r\u00e9v\u00e9rences les plus sinc\u00e8res pour le bienheureux Eid Al-Adha, et j&rsquo;esp\u00e8re que Dieu prolongera votre vie et am\u00e9liorera les conditions du pays sous votre direction et avec vos soins jusqu&rsquo;\u00e0 ce que l\u2019objectif soit atteint etc&#8230;\u00a0\u00bb<br \/>\nPuis ce fut au tour de M. Abdelkrim Bouallou, pr\u00e9sident du Club Litt\u00e9raire Slaoui, celui-ci dit : \u00ab\u00a0Je pr\u00e9sente \u00e0 votre Haute Majest\u00e9 les plus sinc\u00e8res f\u00e9licitations, et je souhaite \u00e0 Votre Majest\u00e9 tout le succ\u00e8s pour prendre en main votre nation qui s&rsquo;accroche \u00e0 votre amour, et je vous souhaite, mon seigneur, et \u00e0 votre prince h\u00e9ritier, tout le meilleur, la victoire et le succ\u00e8s\u00a0\u00bb.<br \/>\nLe Roi s\u2019est alors lev\u00e9 de son si\u00e8ge et a exprim\u00e9 d\u2019une voix prononc\u00e9e la bienvenue \u00e0 ces jeunes et sa satisfaction pour cette initiative de pr\u00e9sentation des v\u0153ux. Le Roi s\u2019est alors adress\u00e9 au Pacha de la ville, El Hajj Mohamed Sbihi\u00a0: \u00ab\u00a0Et toi, Pacha, je te conseille de bien traiter les jeunes, d&rsquo;\u00eatre toujours \u00e0 leurs c\u00f4t\u00e9s, de faciliter leur mission, de les aider constamment, que Dieu te b\u00e9nisse et t\u2019aide dans ta mission, communiquez mes salutations et mes sentiments \u00e0 tous vos compagnons, et sachez que je suis des v\u00f4tres, \u00e0 votre disposition et \u00e0 vos c\u00f4t\u00e9s. Avancez avec la b\u00e9n\u00e9diction de Dieu sans vous retarder. Dieu est avec vous.\u00a0\u00bb<\/p>\n<p>A Sal\u00e9, une troupe de th\u00e9\u00e2tre a vu le jour en 1928 sous la direction d&rsquo;Abdeltif Sbihi, et Abdelkrim Bouallou est l&rsquo;un de ses membres. Cette troupe a pr\u00e9sent\u00e9 un certain nombre de pi\u00e8ces de th\u00e9\u00e2tre dans plusieurs villes marocaines ; Sal\u00e9, Rabat, Casablanca, F\u00e8s et El Jadida. La pi\u00e8ce \u00ab Al-Rashid et Al-Baramka \u00bb a \u00e9t\u00e9 pr\u00e9sent\u00e9e en juin 1928 au cin\u00e9ma Al-Nahda \u00e0 Rabat, puis plus tard \u00e0 Casablanca, \u00ab Wafaa Al-Arab \u00bb et \u00ab Tariq Bin Ziyad \u00bb, et des pi\u00e8ces comiques de Moli\u00e8re, et \u00e9galement des pi\u00e8ces ont \u00e9t\u00e9 jou\u00e9s le jour du Tr\u00f4ne, comme \u00ab\u00a0Sabil At-Taj\u00a0\u00bb en 1927, et \u00ab\u00a0Bilal Yata\u00e2dab\u00a0\u00bb en 1945.<\/p>\n<figure id=\"attachment_2790\" aria-describedby=\"caption-attachment-2790\" style=\"width: 872px\" class=\"wp-caption aligncenter\"><img decoding=\"async\" loading=\"lazy\" class=\" wp-image-2790\" src=\"http:\/\/fondation-abdelkrimbouallou.ma\/wp-content\/uploads\/2023\/03\/Abdelkrim-Bouallou-2-300x212.jpg\" alt=\"(Abdelkrim Bouallou \u2013 2\u00e8me rang\u00e9e \/ 6\u00e8me \u00e0 partir de la gauche)\" width=\"872\" height=\"616\" srcset=\"https:\/\/fondation-abdelkrimbouallou.ma\/wp-content\/uploads\/2023\/03\/Abdelkrim-Bouallou-2-300x212.jpg 300w, https:\/\/fondation-abdelkrimbouallou.ma\/wp-content\/uploads\/2023\/03\/Abdelkrim-Bouallou-2-466x330.jpg 466w, https:\/\/fondation-abdelkrimbouallou.ma\/wp-content\/uploads\/2023\/03\/Abdelkrim-Bouallou-2-254x180.jpg 254w, https:\/\/fondation-abdelkrimbouallou.ma\/wp-content\/uploads\/2023\/03\/Abdelkrim-Bouallou-2.jpg 636w\" sizes=\"(max-width: 872px) 100vw, 872px\" \/><figcaption id=\"caption-attachment-2790\" class=\"wp-caption-text\">(Troupe de Th\u00e9\u00e2tre Slaoui &#8211; Abdelkrim Bouallou est au 2\u00e8me rang, 6\u00e8me \u00e0 partir de la gauche)<\/figcaption><\/figure>\n<p>En 1934, Abdelkrim Bouallou assume la pr\u00e9sidence de l&rsquo;Association des anciens \u00e9l\u00e8ves de l&rsquo;\u00c9cole des notables de Sal\u00e9. Cette association, comme ses homologues dans tout le Royaume, a \u00e9t\u00e9 un berceau pour la promotion de l&rsquo;apprentissage et l&rsquo;acquisition des connaissances comme le d\u00e9but de la lutte contre le colonialisme.<\/p>\n<p>\u00c0 Sal\u00e9, Hadj Ahmed Ma\u00e2ninou cr\u00e9e la premi\u00e8re \u00e9cole nationale libre et moderne pour les filles seulement. Le local est offert par Abdelkrim Bouallou. Elle est inaugur\u00e9e le 28 d\u00e9cembre 1946 par la princesse Lalla Aicha qui lui consacre son nom.<\/p>\n<p>Abdelkrim Bouallou a \u00e9galement traduit vers l\u2019arabe plusieurs ouvrages dont le voyage artistique en \u00c9gypte de la musique andalouse marocaine de l&rsquo;\u00e9crivain fran\u00e7ais Alexis Chottin.<br \/>\n<img decoding=\"async\" loading=\"lazy\" class=\" wp-image-2791 aligncenter\" src=\"http:\/\/fondation-abdelkrimbouallou.ma\/wp-content\/uploads\/2023\/03\/le-voyage-artistique-en-Egypte-de-la-musique-andalouse-marocaine-210x300.jpg\" alt=\"\" width=\"425\" height=\"607\" srcset=\"https:\/\/fondation-abdelkrimbouallou.ma\/wp-content\/uploads\/2023\/03\/le-voyage-artistique-en-Egypte-de-la-musique-andalouse-marocaine-210x300.jpg 210w, https:\/\/fondation-abdelkrimbouallou.ma\/wp-content\/uploads\/2023\/03\/le-voyage-artistique-en-Egypte-de-la-musique-andalouse-marocaine-231x330.jpg 231w, https:\/\/fondation-abdelkrimbouallou.ma\/wp-content\/uploads\/2023\/03\/le-voyage-artistique-en-Egypte-de-la-musique-andalouse-marocaine-126x180.jpg 126w, https:\/\/fondation-abdelkrimbouallou.ma\/wp-content\/uploads\/2023\/03\/le-voyage-artistique-en-Egypte-de-la-musique-andalouse-marocaine.jpg 434w\" sizes=\"(max-width: 425px) 100vw, 425px\" \/><\/p>\n<p>Par la suite, Abdelkrim Bouallou a occup\u00e9 plusieurs postes administratifs, dont celui de r\u00e9dacteur en chef du quotidien Al-Saada.<\/p>\n<figure id=\"attachment_2794\" aria-describedby=\"caption-attachment-2794\" style=\"width: 517px\" class=\"wp-caption aligncenter\"><img decoding=\"async\" loading=\"lazy\" class=\" wp-image-2794\" src=\"http:\/\/fondation-abdelkrimbouallou.ma\/wp-content\/uploads\/2023\/03\/bouallou-abdekrim-2-300x191.jpg\" alt=\"Abdelkrim Bouallou (\u00e0 gauche) avec son neveu Said Bouallou (\u00e0 droite) \" width=\"517\" height=\"329\" srcset=\"https:\/\/fondation-abdelkrimbouallou.ma\/wp-content\/uploads\/2023\/03\/bouallou-abdekrim-2-300x191.jpg 300w, https:\/\/fondation-abdelkrimbouallou.ma\/wp-content\/uploads\/2023\/03\/bouallou-abdekrim-2-270x172.jpg 270w, https:\/\/fondation-abdelkrimbouallou.ma\/wp-content\/uploads\/2023\/03\/bouallou-abdekrim-2.jpg 374w\" sizes=\"(max-width: 517px) 100vw, 517px\" \/><figcaption id=\"caption-attachment-2794\" class=\"wp-caption-text\">Abdelkrim Bouallou (\u00e0 gauche) avec son neveu Said Bouallou (\u00e0 droite)<\/figcaption><\/figure>\n<p>&nbsp;<\/p>\n<p>Par ailleurs, il reprend la gestion des terres agricoles de Doukkala h\u00e9rit\u00e9 de son p\u00e8re El Hajj Mohamed.<\/p>\n<p>Il meurt \u00e0 Sal\u00e9 le 23 Rabii II 1378\/6 novembre 1959.<\/p>\n","protected":false},"excerpt":{"rendered":"<p>&nbsp; &nbsp; Abdelkrim Ben Mohamed Bouallou, est n\u00e9 \u00e0 Sal\u00e9 le 7 Chawal de l&rsquo;an 1323\/5 d\u00e9cembre 1905. Parmi les premiers \u00e0 \u00e9tudier la langue fran\u00e7aise dans sa ville natale Sal\u00e9, il fr\u00e9quente le lyc\u00e9e Moulay Youssouf de Rabat. Il f\u00fbt \u00e9galement parmi les premiers \u00e9tudiants de Sal\u00e9 \u00e0 acc\u00e9der.<\/p>\n","protected":false},"author":1,"featured_media":2748,"parent":0,"menu_order":0,"comment_status":"closed","ping_status":"closed","template":"","meta":{"om_disable_all_campaigns":false,"_mi_skip_tracking":false,"_themeisle_gutenberg_block_has_review":false},"aioseo_notices":[],"_links":{"self":[{"href":"https:\/\/fondation-abdelkrimbouallou.ma\/index.php\/wp-json\/wp\/v2\/pages\/2715"}],"collection":[{"href":"https:\/\/fondation-abdelkrimbouallou.ma\/index.php\/wp-json\/wp\/v2\/pages"}],"about":[{"href":"https:\/\/fondation-abdelkrimbouallou.ma\/index.php\/wp-json\/wp\/v2\/types\/page"}],"author":[{"embeddable":true,"href":"https:\/\/fondation-abdelkrimbouallou.ma\/index.php\/wp-json\/wp\/v2\/users\/1"}],"replies":[{"embeddable":true,"href":"https:\/\/fondation-abdelkrimbouallou.ma\/index.php\/wp-json\/wp\/v2\/comments?post=2715"}],"version-history":[{"count":9,"href":"https:\/\/fondation-abdelkrimbouallou.ma\/index.php\/wp-json\/wp\/v2\/pages\/2715\/revisions"}],"predecessor-version":[{"id":3382,"href":"https:\/\/fondation-abdelkrimbouallou.ma\/index.php\/wp-json\/wp\/v2\/pages\/2715\/revisions\/3382"}],"wp:featuredmedia":[{"embeddable":true,"href":"https:\/\/fondation-abdelkrimbouallou.ma\/index.php\/wp-json\/wp\/v2\/media\/2748"}],"wp:attachment":[{"href":"https:\/\/fondation-abdelkrimbouallou.ma\/index.php\/wp-json\/wp\/v2\/media?parent=2715"}],"curies":[{"name":"wp","href":"https:\/\/api.w.org\/{rel}","templated":true}]}}