{"id":2719,"date":"2023-03-20T15:55:29","date_gmt":"2023-03-20T14:55:29","guid":{"rendered":"http:\/\/fondation-abdelkrimbouallou.ma\/?page_id=2719"},"modified":"2023-04-20T03:20:36","modified_gmt":"2023-04-20T01:20:36","slug":"histoire-de-sale","status":"publish","type":"page","link":"https:\/\/fondation-abdelkrimbouallou.ma\/index.php\/histoire-de-sale\/","title":{"rendered":"Histoire de Sal\u00e9"},"content":{"rendered":"<p>Sal\u00e9, une ville mill\u00e9naire, une ville d&rsquo;histoire, une ville de commerce et d&rsquo;\u00e9changes \u00e9conomiques, connue dans le monde entier \u00e0 une certaine \u00e9poque de l&rsquo;histoire du Maroc par ses corsaires puis ses pirates, a connu son moment de gloire puis une p\u00e9riode de grand d\u00e9clin d\u00e8s le d\u00e9but du 20\u00e8 si\u00e8cle. Dans les ann\u00e9es 1970\/1980, la ville de Sal\u00e9 a m\u00eame eu droit \u00e0 l&rsquo;appellation d\u00e9sobligeante de \u00ab\u00a0ville dortoir de Rabat\u00a0\u00bb.<\/p>\n<p>L&rsquo;histoire d\u00e9taill\u00e9e de la ville de Sal\u00e9 est pr\u00e9sent\u00e9e dans l&rsquo;article Wikipedia suivant :<\/p>\n<pre><a href=\"https:\/\/fr.wikipedia.org\/wiki\/Sal%C3%A9\">https:\/\/fr.wikipedia.org\/wiki\/Sal%C3%A9<\/a><\/pre>\n<p>Gr\u00e2ce \u00e0 une volont\u00e9 royale et une grande motivation des \u00e9lus locaux, Sal\u00e9 est en phase de redorer son blason d&rsquo;antan. Plusieurs projets ont vu le jour, d&rsquo;autres sont en cours de r\u00e9alisation. Ils permettront \u00e0 Sal\u00e9 de se positionner parmi les villes les plus attrayantes du royaume pour le tourisme, le commerce, les investissements directs ext\u00e9rieurs, la recherche et l&rsquo;innovation&#8230;Gr\u00e2ce \u00e0 sa position g\u00e9ographique dans l&rsquo;axe autoroutier Tanger-Rabat et son ouverture sur la mer, gr\u00e2ce aussi \u00e0 son a\u00e9roport international, Sal\u00e9 a tous les atouts pour devenir une m\u00e9tropole internationale.<\/p>\n<p>Le maire de Sal\u00e9 pour le mandat 2021-2026 pr\u00e9sente dans l&rsquo;\u00e9change qui suit le pr\u00e9sent et le futur de la ville de Sal\u00e9. Cette interview a \u00e9t\u00e9 r\u00e9alis\u00e9e par M. Ali Bouallou, co-fondateur de la \u00ab\u00a0Fondation Abdelkrim Bouallou pour la Culture et la M\u00e9moire\u00a0\u00bb :<\/p>\n<p style=\"text-align: center;\"><iframe loading=\"lazy\" style=\"width: 50%;\" title=\"YouTube video player\" src=\"https:\/\/www.youtube.com\/embed\/nc6CBOYxFPg\" width=\"300\" height=\"300\" frameborder=\"0\" allowfullscreen=\"allowfullscreen\"><span style=\"display: inline-block; width: 300px; overflow: hidden; line-height: 0;\" data-mce-type=\"bookmark\" class=\"mce_SELRES_start\">\ufeff<\/span><\/iframe><\/p>\n<p>&nbsp;<\/p>\n","protected":false},"excerpt":{"rendered":"<p>Sal\u00e9, une ville mill\u00e9naire, une ville d&rsquo;histoire, une ville de commerce et d&rsquo;\u00e9changes \u00e9conomiques, connue dans le monde entier \u00e0 une certaine \u00e9poque de l&rsquo;histoire du Maroc par ses corsaires puis ses pirates, a connu son moment de gloire puis une p\u00e9riode de grand d\u00e9clin d\u00e8s le d\u00e9but du 20\u00e8.<\/p>\n","protected":false},"author":1,"featured_media":0,"parent":0,"menu_order":0,"comment_status":"closed","ping_status":"closed","template":"","meta":{"om_disable_all_campaigns":false,"_mi_skip_tracking":false,"_themeisle_gutenberg_block_has_review":false},"aioseo_notices":[],"_links":{"self":[{"href":"https:\/\/fondation-abdelkrimbouallou.ma\/index.php\/wp-json\/wp\/v2\/pages\/2719"}],"collection":[{"href":"https:\/\/fondation-abdelkrimbouallou.ma\/index.php\/wp-json\/wp\/v2\/pages"}],"about":[{"href":"https:\/\/fondation-abdelkrimbouallou.ma\/index.php\/wp-json\/wp\/v2\/types\/page"}],"author":[{"embeddable":true,"href":"https:\/\/fondation-abdelkrimbouallou.ma\/index.php\/wp-json\/wp\/v2\/users\/1"}],"replies":[{"embeddable":true,"href":"https:\/\/fondation-abdelkrimbouallou.ma\/index.php\/wp-json\/wp\/v2\/comments?post=2719"}],"version-history":[{"count":12,"href":"https:\/\/fondation-abdelkrimbouallou.ma\/index.php\/wp-json\/wp\/v2\/pages\/2719\/revisions"}],"predecessor-version":[{"id":3126,"href":"https:\/\/fondation-abdelkrimbouallou.ma\/index.php\/wp-json\/wp\/v2\/pages\/2719\/revisions\/3126"}],"wp:attachment":[{"href":"https:\/\/fondation-abdelkrimbouallou.ma\/index.php\/wp-json\/wp\/v2\/media?parent=2719"}],"curies":[{"name":"wp","href":"https:\/\/api.w.org\/{rel}","templated":true}]}}

Histoire de Salé

<p>Salé, une ville millénaire, une ville d&rsquo;histoire, une ville de commerce et d&rsquo;échanges économiques, connue dans le monde entier à une certaine époque de l&rsquo;histoire du Maroc par ses corsaires puis ses pirates, a connu son moment de gloire puis une période de grand déclin dès le début du 20è siècle. Dans les années 1970/1980, la ville de Salé a même eu droit à l&rsquo;appellation désobligeante de « ville dortoir de Rabat ».</p>
<p>L&rsquo;histoire détaillée de la ville de Salé est présentée dans l&rsquo;article Wikipedia suivant :</p>
<pre><a href="https://fr.wikipedia.org/wiki/Sal%C3%A9">https://fr.wikipedia.org/wiki/Sal%C3%A9</a></pre>
<p>Grâce à une volonté royale et une grande motivation des élus locaux, Salé est en phase de redorer son blason d&rsquo;antan. Plusieurs projets ont vu le jour, d&rsquo;autres sont en cours de réalisation. Ils permettront à Salé de se positionner parmi les villes les plus attrayantes du royaume pour le tourisme, le commerce, les investissements directs extérieurs, la recherche et l&rsquo;innovation&#8230;Grâce à sa position géographique dans l&rsquo;axe autoroutier Tanger-Rabat et son ouverture sur la mer, grâce aussi à son aéroport international, Salé a tous les atouts pour devenir une métropole internationale.</p>
<p>Le maire de Salé pour le mandat 2021-2026 présente dans l&rsquo;échange qui suit le présent et le futur de la ville de Salé. Cette interview a été réalisée par M. Ali Bouallou, co-fondateur de la « Fondation Abdelkrim Bouallou pour la Culture et la Mémoire » :</p>
<p style="text-align: center;"><iframe loading="lazy" style="width: 50%;" title="YouTube video player" src="https://www.youtube.com/embed/nc6CBOYxFPg" width="300" height="300" frameborder="0" allowfullscreen="allowfullscreen"><span style="display: inline-block; width: 300px; overflow: hidden; line-height: 0;" data-mce-type="bookmark" class="mce_SELRES_start">﻿</span></iframe></p>
<p>&nbsp;</p>

<p>Salé, une ville millénaire, une ville d&rsquo;histoire, une ville de commerce et d&rsquo;échanges économiques, connue dans le monde entier à une certaine époque de l&rsquo;histoire du Maroc par ses corsaires puis ses pirates, a connu son moment de gloire puis une période de grand déclin dès le début du 20è.</p>
